 14*t**2 - 3*t - 34. Calculate y(-14).
8
Let m(k) = k**3 - 11*k**2 + 14*k + 45. What is m(8)?
-35
Let u(f) = f**2 + 23*f + 78. What is u(-20)?
18
Let q(b) = 7*b + 2. Calculate q(6).
44
Let b(m) = -21*m + 905. Give b(43).
2
Let w(g) = 2*g - 5. Calculate w(6).
7
Let m(b) = b**2 - 19*b + 53. Give m(19).
53
Let y(h) = h + 13. Calculate y(-4).
9
Let a(v) = 3*v**3 - 3*v**2 - 2*v. Give a(3).
48
Let v(r) = -11*r - 14. Determine v(-3).
19
Let h(w) = w - 6. Calculate h(6).
0
Let n(j) = -j**2 + 11*j + 28. Give n(13).
2
Let i(g) = g**3 - 4*g**2 - 8*g + 11. What is i(6)?
35
Let n(j) = -j**2 - 10*j + 12. Determine n(-11).
1
Let k(u) = -4*u - 23. What is k(-8)?
9
Let f(r) = r**2 - 15*r - 29. Determine f(14).
-43
Let l(i) = 2*i**2 + 5. Determine l(-6).
77
Let b(w) = 8*w + 9. Give b(-6).
-39
Let n(l) = -l**2 + 8*l + 13. Calculate n(10).
-7
Let j(a) = 37*a + 152. Calculate j(-4).
4
Let n(j) = 13*j - 68. Give n(6).
10
Let b(m) = m + 18. Calculate b(-19).
-1
Let n(v) = v - 29. What is n(9)?
-20
Let u(f) = -14*f - 35. What is u(10)?
-175
Let v(d) = -5*d**2 - 2*d + 2. Give v(-2).
-14
Let f(z) = 4*z - 61. What is f(11)?
-17
Let m(p) = -p + 13. Determine m(8).
5
Let h(d) = -22*d - 6. What is h(-1)?
16
Let n(t) = -14*t - 275. Calculate n(-18).
-23
Let d(u) = u**2 - 11*u - 8. What is d(12)?
4
Let x(c) = -10*c**3 + c**2 + 2*c - 3. Calculate x(2).
-75
Let u(p) = -2*p**3 + 9*p**2 - 8*p + 9. What is u(6)?
-147
Let p(q) = 2*q**2 + 2*q + 1. Determine p(0).
1
Let p(x) = 11*x + 59. Calculate p(-5).
4
Let x(h) = 5*h**2 + 7*h + 1. Calculate x(-2).
7
Let s(m) = -m - 16. Calculate s(-8).
-8
Let d(w) = w - 1. Give d(2).
1
Let w(x) = -2*x + 57. What is w(24)?
9
Let j(r) = -5*r**2 + 2. Give j(-3).
-43
Let f(i) = i + 24. Give f(10).
34
Let n(y) = -y - 14. Calculate n(6).
-20
Let w(k) = 2*k + 12. What is w(-9)?
-6
Let m(c) = -2*c - 8. Calculate m(6).
-20
Let a(j) = -j**3 - 6*j**2 + 8*j - 3. Give a(-7).
-10
Let f(g) = g**3 - 16*g - 20. Determine f(5).
25
Let w(r) = 14*r - 7. Give w(7).
91
Let x(k) = 4*k**2 - 179*k - 42. Determine x(45).
3
Let b(u) = -6*u**3 + u**2. What is b(-1)?
7
Let b(d) = -d - 24. Determine b(-17).
-7
Let s(d) = -d**2 + 17*d + 109. Calculate s(-5).
-1
Let p(g) = -2*g**3 + 3*g**2 + 3*g. Calculate p(3).
-18
Let j(a) = -a**2 + 72*a - 912. Determine j(56).
-16
Let q(x) = 6*x - 2. Determine q(1).
4
Let x(o) = -20*o + 112. Calculate x(6).
-8
Let l(a) = -2*a**2 + 64*a + 542. What is l(-7)?
-4
Let w(d) = d**2 + 8*d + 7. What is w(-7)?
0
Let c(u) = u**3 - 6*u**2 + 5*u + 4. What is c(5)?
4
Let o(w) = w**3 + 2*w**2 + 2*w - 38. Determine o(0).
-38
Let i(a) = -a**2 - 6*a + 3. What is i(-7)?
-4
Let i(z) = 95*z + 93. What is i(-1)?
-2
Let j(i) = -i + 12. Calculate j(19).
-7
Let k(m) = m**2 - 7*m - 1. Give k(11).
43
Let i(a) = 10*a - 105. Determine i(11).
5
Let s(j) = -2*j**3 + 8*j**2 + 4. Calculate s(4).
4
Let l(m) = -4*m**2 - 28*m + 18. Calculate l(-7).
18
Let y(l) = 6*l**3 + 3*l - 2. What is y(1)?
7
Let f(x) = x**2 - 28*x + 110. Determine f(21).
-37
Let j(i) = 18*i**2 + 17. Determine j(0).
17
Let i(x) = -4*x + 105. Determine i(32).
-23
Let x(p) = -p**3 - 8*p**2 - 9*p - 3. Calculate x(-6).
-21
Let p(h) = 12*h + 5. What is p(-6)?
-67
Let x(j) = -3*j - 2. Give x(2).
-8
Let d(x) = 2*x**3 + 7*x**2 - 6*x + 8. Give d(-4).
16
Let d(i) = 2*i**2 - 29*i + 18. Calculate d(14).
4
Let s(g) = g**2 - 4*g - 22. Determine s(-3).
-1
Let j(c) = -10*c - 267. Give j(-28).
13
Let l(w) = -12*w**2 - 156*w - 2. Give l(-13).
-2
Let a(i) = -6*i + 73. What is a(11)?
7
Let a(z) = -18*z**3 - 2*z - 1. Give a(-1).
19
Let m(x) = 5*x - 20. Determine m(-15).
-95
Let y(m) = m**3 + 6*m**2 + 2*m + 11. Give y(-6).
-1
Let c(q) = q - 48. Determine c(16).
-32
Let k(d) = d**3 - 4*d**2 - 7*d - 2. Determine k(5).
-12
Let x(b) = -b**3 + 20*b**2 - 38*b + 26. Calculate x(18).
-10
Let y(m) = -m**2 + 12*m - 2. Calculate y(12).
-2
Let a(w) = -15*w + 277. What is a(19)?
-8
Let a(x) = -80*x**3 - 3*x**2 - 3*x - 1. What is a(-1)?
79
Let s(y) = y**3 + 7*y**2 + 10*y + 5. Give s(-5).
5
Let b(q) = -q**3 + 5*q**2 + 8*q - 10. Give b(5).
30
Let q(i) = 38*i + 1447. What is q(-38)?
3
Let c(k) = -k**2 - 3*k - 1. Give c(-4).
-5
Let t(n) = -9*n**2 - 7*n - 5. Give t(-1).
-7
Let k(r) = -r**3 - 5*r**2 + 3*r + 10. Calculate k(-5).
-5
Let t(r) = -r**3 - 8*r**2 - 15*r. What is t(-4)?
-4
Let w(r) = 6*r**2 - 40*r - 19. Determine w(7).
-5
Let d(m) = -6*m - 39. Give d(-6).
-3
Let g(c) = 3*c**2 - 3*c - 37. Give g(-5).
53
Let m(t) = -2*t**3 - 5*t**2. Give m(-4).
48
Let j(b) = -2*b**3 - 5*b**2 + 9*b - 6. Calculate j(3).
-78
Let q(h) = -h**2 + 12*h + 47. Determine q(15).
2
Let q(a) = -37*a + 7. Calculate q(4).
-141
Let c(i) = i**2 - 11*i - 14. What is c(11)?
-14
Let g(n) = n - 15. Calculate g(7).
-8
Let b(g) = -2*g**2 + 7*g + 9. Determine b(-6).
-105
Let x(v) = 2*v**3 - 125*v**2 + 67*v - 313. Calculate x(62).
-3
Let g(d) = d**2 + 4*d - 2. Give g(-3).
-5
Let g(x) = -x**2 + 14*x + 13. Calculate g(14).
13
Let h(j) = j**3 + 15*j**2 + 13*j - 22. Give h(-14).
-8
Let r(z) = -z**3 - 52*z**2 + 55*z + 111. Determine r(-53).
5
Let p(n) = -n**3 - 3*n**2 + 8*n - 7. Calculate p(-5).
3
Let s(a) = -10*a - 30. Calculate s(-2).
-10
Let o(q) = q - 41. What is o(47)?
6
Let h(o) = -218*o + 870. What is h(4)?
-2
Let f(m) = -m**3 + 10*m**2 + 9*m + 26. Calculate f(11).
4
Let q(n) = -7*n + 24. What is q(7)?
-25
Let s(u) = -u**3 + 6*u**2 + 17*u - 2. Determine s(8).
6
Let k(l) = l - 18. What is k(2)?
-16
Let y(m) = m**3 + 4*m**2 - 3*m + 1. Determine y(-5).
-9
Let n(f) = -10*f**2 - 56*f + 27. Determine n(-6).
3
Let r(y) = y**2 + 22*y - 5. What is r(-22)?
-5
Let f(k) = 3*k**2 + 1. Give f(1).
4
Let s(u) = u**3 + 10*u**2 - 8*u - 16. Calculate s(-10).
64
Let n(s) = s + 9. Calculate n(-11).
-2
Let v(t) = 7*t - 4. What is v(3)?
17
Let k(s) = -s + 19. What is k(21)?
-2
Let z(v) = -8*v + 2. Give z(4).
-30
Let o(u) = -2*u**3 - 2*u**2 + 2. Give o(2).
-22
Let j(k) = 5*k**2 + k. Calculate j(1).
6
Let r(q) = -q**3 + q**2 + q - 2. What is r(-2)?
8
Let u(m) = 10*m**3 + 4*m + 3. Give u(-1).
-11
Let c(o) = -2*o - 2. What is c(5)?
-12
Let q(t) = -3*t**3 + t**2 - 35*t - 35. What is q(-1)?
4
Let y(q) = -2*q**2 - q. Determine y(3).
-21
Let q(b) = b**3 - 2*b**2 - 2*b - 6. What is q(0)?
-6
Let p(l) = -2*l**2 + 3*l. Determine p(-4).
-44
Let o(r) = -33*r - 29. Calculate o(-1).
4
Let p(n) = 10*n - 4. Determine p(-4).
-44
Let h(k) = -k**3 - 12*k**2 - 15*k - 15. Calculate h(-10).
-65
Let o(i) = -i**2 + 4*i - 3. Calculate o(4).
-3
Let s(x) = 52*x**2 + x. What is s(1)?
53
Let z(r) = -8*r + 6. Give z(0).
6
Let g(s) = s**3 - 15*s**2 - 2*s + 14. What is g(15)?
-16
Let n(l) = -2*l**2 + 3*l + 6. Determine n(-4).
-38
Let j(k) = -3*k. Give j(1).
-3
Let m(y) = -y**3 - 9*y**2 + 3*y - 21. What is m(-9)?
-48
Let a(k) = 2*k**3 + 4*k**2 - 6*k + 5. What is a(2)?
25
Let k(i) = -i**2 - 21*i - 42. Give k(-18).
12
Let t(j) = 12*j - 4. Calculate t(-1).
-16
Let x(m) = -m**2 - 21*m + 23. Determine x(-22).
1
Let c(l) = -l**2 + 5*l - 10. Give c(2).
-4
Let i(b) = -b**2 - b - 4. What is i(-2)?
-6
Let v(m) = 9*m + 52. What is v(-6)?
-2
Let r(l) = 13*l**2 - 58*l + 18. Calculate r(4).
-6
Let b(y) = y**2 - 24*y - 27. Give b(22).
-71
Let l(d) = d**2 + 14*d - 7. Give l(-15).
8
Let u(i) = i**3 - 10*i**2 - 11*i + 11. Give u(11).
11
Let a(t) = t**2 + 3*t + 1. Calculate a(-3).
1
Let h(f) = -f**3 - 12*f**2 - 6*f + 49. Determine h(-11).
-6
Let a(r) = r**2 - 15*r - 19. What is a(16)?
-3
Let i(y) = -y + 3. Give i(0).
3
Let s(y) = -7*y**2 - 4*y - 6. What is s(-3)?
-57
Let s(f) = -f**3 + 10*f**2 + 17*f - 20. Give s(11).
46
Let s(j) = j**2 + 9*j - 1. Calculate s(-9).
-1
Let i(g) = -2*g - 83. Calculate i(19).
-121
Let w(v) = -25*v - 316. What is w(-13)?
9
Let q(w) = 10*w**3 + 5*w**2 - 6*w + 6. What is q(2)?
94
Let v(b) = -2*b + 2. Determine v(-5).
12
Let s(q) = q + 11. Determine s(-6).
5
Let j(p) = 2*p**3 - p**2 - 4*p - 10. Give j(-2).
-22
Let f(b) = -2*b + 29. Determine f(13).
3
Let o(q) = 7*q**2 - 29*q + 15. What is o(6)?
93
Let g(r) = 39*r - 625. Determine g(16).
-1
Let y(b) = 2*b**3 + b**2 - 1. Give y(-2).
-13
Let a(v) = v**2 - 13*v. Calculate a(14).
14
Let p(v) = 28*v**2 + 2*v - 2. What is p(1)?
28
Let s(i) = -4*i**2 + 8*i + 10. What is s(-5)?
-130
Let o(z) = 2*z**2 - 19*z + 8. Calculate o(9).
-1
Let q(v) = 5*v - 8. What is q(6)?
22
Let d(g) = -3*g